
2, 5, 37, 127, 14843
What are the prime factors of 114919478?
2, 43, 1336273
List the prime factors of 745521076.
2, 186380269
What are the prime factors of 35833676?
2, 29, 541, 571
What are the prime factors of 117577285?
5, 7, 3359351
What are the prime factors of 3259953?
3, 120739
List the prime factors of 929965925.
5, 7, 19, 279689
List the prime factors of 9295903.
139, 66877
What are the prime factors of 1990519982?
2, 11, 31, 499, 5849
List the prime factors of 151914119.
7, 37, 586541
List the prime factors of 51233669.
31, 53, 31183
List the prime factors of 1717231442.
2, 858615721
What are the prime factors of 4348718?
2, 11, 89, 2221
List the prime factors of 2277456575.
5, 101, 901963
What are the prime factors of 154557349?
127, 1216987
What are the prime factors of 32681834?
2, 397, 41161
What are the prime factors of 137345262?
2, 3, 19, 1204783
What are the prime factors of 3243435194?
2, 281, 5771237
List the prime factors of 85889059.
2591, 33149
What are the prime factors of 6630705?
3, 5, 29, 5081
List the prime factors of 4544484024.
2, 3, 189353501
List the prime factors of 260777911.
293, 890027
List the prime factors of 159015102.
2, 3, 26502517
What are the prime factors of 162104083?
251, 645833
What are the prime factors of 5946551458?
2, 2973275729
What are the prime factors of 1863738594?
2, 3, 17, 43, 197, 719
List the prime factors of 126947025.
3, 5, 113, 4993
List the prime factors of 469245467.
59, 7953313
What are the prime factors of 351109717?
7, 61, 89, 9239
What are the prime factors of 1595206608?
2, 3, 61, 617, 883
What are the prime factors of 824033926?
2, 23, 199, 90019
List the prime factors of 361595809.
29, 229, 54449
What are the prime factors of 1238010311?
61, 139, 146009
List the prime factors of 346479702.
2, 3, 57746617
What are the prime factors of 979361987?
29, 5387, 6269
What are the prime factors of 144163271?
7, 359, 57367
List the prime factors of 19765523.
4129, 4787
What are the prime factors of 971583828?
2, 3, 457, 177167
What are the prime factors of 134649645?
3, 5, 13, 690511
What are the prime factors of 987559560?
2, 3, 5, 13, 31, 2269
List the prime factors of 1141422757.
10273, 111109
List the prime factors of 108065897.
5869, 18413
What are the prime factors of 286259303?
11, 26023573
List the prime factors of 74656772.
2, 43, 421, 1031
What are the prime factors of 953040706?
2, 17, 1987, 14107
What are the prime factors of 254735891?
467, 545473
What are the prime factors of 502931470?
2, 5, 50293147
List the prime factors of 1329825580.
2, 5, 19, 3499541
What are the prime factors of 241180683?
3, 17, 4729033
List the prime factors of 1637413991.
1637413991
What are the prime factors of 1634768?
2, 83, 1231
List the prime factors of 375921155.
5, 59, 1274309
What are the prime factors of 1176169267?
7, 13, 2797, 4621
What are the prime factors of 268105923?
3, 643, 15443
What are the prime factors of 38634142?
2, 37, 522083
What are the prime factors of 90124437?
3, 13, 41, 157, 359
List the prime factors of 2561470483.
11, 13, 43, 79, 5273
List the prime factors of 12783693.
3, 13, 29, 89, 127
List the prime factors of 38631121.
38631121
List the prime factors of 145913850.
2, 3, 5, 47, 6899
What are the prime factors of 12391267?
7, 43, 5881
What are the prime factors of 200556359?
5807, 34537
List the prime factors of 416244657.
3, 31, 144379
List the prime factors of 5054117373.
3, 2693, 208529
List the prime factors of 3381924544.
2, 43, 28579
What are the prime factors of 501623362?
2, 2633, 95257
List the prime factors of 4479079781.
11, 137, 2972183
What are the prime factors of 197927573?
197927573
What are the prime factors of 53228356?
2, 61, 218149
List the prime factors of 137502327.
3, 157, 443, 659
What are the prime factors of 3686930711?
79, 137, 340657
List the prime factors of 415753678.
2, 227, 915757
List the prime factors of 4284893.
4284893
List the prime factors of 36432968.
2, 11, 13, 31847
What are the prime factors of 1070818692?
2, 3, 89234891
List the prime factors of 780063055.
5, 23, 173, 39209
List the prime factors of 230249017.
919, 250543
What are the prime factors of 269765397?
3, 11, 302767
List the prime factors of 268161361.
13, 41, 89, 5653
What are the prime factors of 74852969?
83, 251, 3593
What are the prime factors of 1470888297?
3, 17, 229, 41981
List the prime factors of 154617804.
2, 3, 11, 390449
What are the prime factors of 3908629121?
54959, 71119
List the prime factors of 2023414940.
2, 5, 107, 945521
List the prime factors of 1661467777.
2917, 569581
What are the prime factors of 85851964?
2, 11, 347, 5623
What are the prime factors of 54751975?
5, 2190079
List the prime factors of 2171083122.
2, 3, 13, 3092711
List the prime factors of 65111369.
5557, 11717
What are the prime factors of 62896618?
2, 31448309
What are the prime factors of 143023860?
2, 3, 5, 7, 157, 241
What are the prime factors of 276147?
3, 61, 503
What are the prime factors of 32611517?
1619, 20143
List the prime factors of 93624338.
2, 17, 277, 9941
List the prime factors of 492772144.
2, 19, 1620961
What are the prime factors of 363795244?
2, 90948811
What are the prime factors of 76234524?
2, 3, 6352877
List the prime factors of 1500643178.
2, 750321589
What are the prime factors of 1211365001?
7, 11, 1430183
What are the prime factors of 96048442?
2, 7, 6860603
What are the prime factors of 196454335?
5, 7, 11, 510271
What are the prime factors of 697785714?
2, 3, 277, 349, 401
List the prime factors of 7528357111.
11, 823, 831587
What are the prime factors of 3133160360?
2, 5, 11, 83, 85793
List the prime factors of 257821770.
2, 3, 5, 8594059
List the prime factors of 2527129382.
2, 41, 30818651
List the prime factors of 5770213930.
2, 5, 13, 19, 2336119
List the prime factors of 8962926.
2, 3, 7, 59, 3617
What are the prime factors of 619673158?
2, 13, 23833583
What are the prime factors of 427026843?
3, 19, 832411
List the prime factors of 85352064.
2, 3, 7, 113, 281
What are the prime factors of 100887345?
3, 5, 13, 37, 59, 79
List the prime factors of 2424997604.
2, 10979, 55219
List the prime factors of 243639059.
243639059
What are the prime factors of 121063535?
5, 19, 1274353
List the prime factors of 958034990.
2, 5, 11, 191, 45599
List the prime factors of 3476802212.
2, 13, 109, 181, 3389
List the prime factors of 1119876.
2, 3, 93323
List the prime factors of 1587395834.
2, 793697917
What are the prime factors of 429741532?
2, 11, 37, 107, 2467
List the prime factors of 122716000.
2, 5, 11, 2789
List the prime factors of 2886584609.
179, 16126171
What are the prime factors of 48426473?
71, 682063
What are the prime factors of 128307576?
2, 3, 5346149
List the prime factors of 130708950.
2, 3, 5, 871393
What are the prime factors of 253593757?
8513, 29789
What are the prime factors of 1839538012?
2, 13, 35375731
What are the prime factors of 80667012?
2, 3, 167, 40253
What are the prime factors of 1017340?
2, 5, 50867
What are the prime factors of 786298884?
2, 3, 7, 23, 53, 1097
What are the prime factors of 108065684?
2, 23, 1174627
List the prime factors of 342432618.
2, 3, 11, 2129, 2437
List the prime factors of 1290094713.
3, 143343857
What are the prime factors of 500254375?
5, 800407
List the prime factors of 45287082.
2, 3, 17, 147997
List the prime factors of 42989209.
17, 2528777
What are the prime factors of 2513719637?
11, 13, 17, 1034027
List the prime factors of 2172012856.
2, 13, 20884739
What are the prime factors of 957129976?
2, 11, 269, 40433
List the prime factors of 621589321.
621589321
List the prime factors of 581663520.
2, 3, 5, 403933
What are the prime factors of 85841688?
2, 3, 151, 23687
What are the prime factors of 24513204?
2, 3, 2042767
List the prime factors of 24996518.
2, 12498259
List the prime factors of 16532576.
2, 516643
What are the prime factors of 908015042?
2, 11, 41273411
What are the prime factors of 293926293?
3, 773, 14083
List the prime factors of 87530039.
41, 2134879
List the prime factors of 1769297976.
2, 3, 197, 124739
List the prime factors of 7233272.
2, 577, 1567
List the prime factors of 254650991.
7, 349, 14891
What are the prime factors of 11332737?
3, 13, 83,